
What is the highest common divisor of 148 and 4181?
37
What is the greatest common factor of 16 and 2896?
16
Calculate the greatest common factor of 5004 and 96.
12
Calculate the greatest common factor of 5747 and 14.
7
What is the greatest common divisor of 80 and 16?
16
Calculate the greatest common divisor of 3762 and 114.
114
Calculate the greatest common factor of 1744 and 48.
16
Calculate the highest common factor of 581 and 7.
7
What is the highest common divisor of 123 and 1927?
41
What is the greatest common factor of 448 and 21?
7
What is the highest common factor of 77 and 7?
7
Calculate the greatest common divisor of 28 and 44.
4
Calculate the highest common divisor of 58 and 6090.
58
What is the greatest common factor of 595 and 35?
35
What is the greatest common divisor of 73 and 1?
1
Calculate the greatest common divisor of 12 and 42.
6
Calculate the highest common factor of 518 and 14.
14
Calculate the highest common divisor of 20 and 10.
10
Calculate the greatest common factor of 423 and 18.
9
What is the greatest common factor of 14982 and 22?
22
Calculate the greatest common factor of 308 and 20.
4
Calculate the greatest common factor of 873 and 9021.
291
What is the greatest common factor of 55 and 517?
11
Calculate the highest common divisor of 1276 and 464.
116
What is the greatest common factor of 171 and 6612?
57
What is the greatest common divisor of 90 and 522?
18
Calculate the greatest common divisor of 2691 and 13.
13
Calculate the greatest common factor of 99 and 561.
33
Calculate the greatest common factor of 3 and 753.
3
Calculate the highest common divisor of 210 and 560.
70
What is the greatest common factor of 1079 and 498?
83
Calculate the greatest common factor of 2250 and 1150.
50
Calculate the highest common factor of 18 and 24.
6
What is the greatest common factor of 22 and 22?
22
What is the highest common factor of 143 and 26?
13
What is the greatest common factor of 981 and 1199?
109
What is the highest common factor of 3596 and 434?
62
Calculate the highest common factor of 1184 and 64.
32
Calculate the greatest common divisor of 188 and 1222.
94
Calculate the highest common divisor of 1472 and 128.
64
What is the greatest common divisor of 9694 and 74?
74
Calculate the greatest common divisor of 2592 and 576.
288
Calculate the greatest common divisor of 32 and 304.
16
Calculate the greatest common factor of 10 and 310.
10
What is the greatest common divisor of 87 and 464?
29
Calculate the highest common divisor of 1631 and 63.
7
Calculate the highest common factor of 330 and 150.
30
Calculate the highest common divisor of 570 and 30.
30
Calculate the greatest common divisor of 87 and 8439.
87
What is the highest common factor of 3611 and 368?
23
What is the greatest common factor of 1038 and 96?
6
Calculate the highest common divisor of 87 and 30.
3
What is the highest common factor of 64 and 1200?
16
What is the greatest common divisor of 3664 and 80?
16
Calculate the highest common divisor of 1 and 307.
1
What is the highest common divisor of 560 and 1232?
112
Calculate the greatest common factor of 57 and 969.
57
Calculate the greatest common divisor of 25 and 100.
25
Calculate the greatest common factor of 432 and 96.
48
What is the greatest common factor of 18 and 826?
2
What is the greatest common factor of 60 and 330?
30
What is the highest common divisor of 178 and 979?
89
What is the highest common divisor of 7284 and 108?
12
What is the greatest common factor of 34240 and 16?
16
What is the greatest common divisor of 31 and 3937?
31
What is the highest common divisor of 8 and 216?
8
Calculate the highest common factor of 70 and 620.
10
What is the greatest common divisor of 126 and 2814?
42
What is the greatest common factor of 75 and 552?
3
Calculate the highest common factor of 5 and 55.
5
What is the highest common divisor of 44 and 297?
11
What is the highest common divisor of 6 and 2658?
6
What is the greatest common divisor of 29 and 493?
29
Calculate the greatest common factor of 284 and 10.
2
What is the greatest common factor of 5 and 10?
5
What is the highest common factor of 319 and 55?
11
What is the greatest common factor of 16 and 4160?
16
What is the greatest common divisor of 5624 and 152?
152
Calculate the highest common divisor of 14688 and 54.
54
Calculate the greatest common divisor of 58674 and 21.
21
Calculate the highest common factor of 37301 and 11.
11
What is the highest common divisor of 282 and 376?
94
Calculate the greatest common factor of 9 and 261.
9
What is the greatest common divisor of 5532 and 12?
12
Calculate the highest common factor of 99 and 6381.
9
Calculate the highest common factor of 495 and 27.
9
What is the highest common divisor of 15 and 36?
3
Calculate the greatest common factor of 20 and 540.
20
What is the highest common divisor of 74 and 17834?
74
What is the highest common divisor of 232 and 696?
232
What is the highest common factor of 4898 and 632?
158
Calculate the greatest common divisor of 4 and 497.
1
What is the greatest common divisor of 3885 and 231?
21
Calculate the greatest common divisor of 561 and 132.
33
What is the highest common factor of 14406 and 42?
42
Calculate the highest common factor of 196 and 98.
98
Calculate the greatest common divisor of 38 and 1463.
19
What is the greatest common divisor of 1134 and 1917?
27
Calculate the greatest common divisor of 4 and 46.
2
What is the greatest common factor of 245 and 539?
49
What is the highest common factor of 984 and 336?
24
Calculate the highest common factor of 1690 and 10.
10
What is the highest common divisor of 5 and 61?
1
Calculate the highest common factor of 41 and 13489.
41
What is the greatest common factor of 7 and 1701?
7
What is the highest common divisor of 143 and 187?
11
Calculate the greatest common factor of 195 and 26.
13
Calculate the greatest common factor of 12 and 128.
4
What is the highest common factor of 50 and 3860?
10
What is the highest common factor of 55 and 125?
5
What is the greatest common factor of 1955 and 85?
85
Calculate the highest common factor of 7560 and 2205.
315
Calculate the highest common factor of 7357 and 7.
7
Calculate the highest common divisor of 75 and 650.
25
What is the highest common divisor of 42 and 378?
42
What is the greatest common factor of 2480 and 3224?
248
Calculate the highest common divisor of 5820 and 60.
60
What is the greatest common factor of 171 and 216?
9
What is the highest common factor of 11 and 1727?
11
What is the highest common factor of 340 and 20?
20
Calculate the greatest common divisor of 210 and 56.
14
Calculate the highest common divisor of 512 and 216.
8
What is the greatest common divisor of 548 and 16?
4
Calculate the greatest common divisor of 24 and 84.
12
Calculate the greatest common factor of 68 and 918.
34
Calculate the greatest common factor of 28 and 28.
28
What is the greatest common factor of 266 and 38?
38
What is the highest common divisor of 132 and 33?
33
Calculate the highest common factor of 62 and 806.
62
Calculate the greatest common divisor of 84 and 98.
14
Calculate the highest common factor of 253 and 44.
11
Calculate the highest common divisor of 200 and 5900.
100
Calculate the greatest common factor of 52 and 273.
13
What is the greatest common factor of 175 and 14?
7
Calculate the greatest common divisor of 5488 and 16.
16
Calculate the highest common divisor of 12 and 28.
4
Calculate the greatest common divisor of 442 and 52.
26
Calculate the highest common factor of 2 and 2010.
2
Calculate the highest common factor of 12 and 37428.
12
What is the highest common divisor of 837 and 243?
27
What is the highest common divisor of 2793 and 3705?
57
Calculate the highest common divisor of 41 and 1.
1
Calculate the highest common factor of 265 and 5.
5
What is the highest common factor of 18718 and 7?
7
Calculate the greatest common divisor of 9207 and 108.
27
What is the highest common divisor of 6161 and 183?
61
What is the highest common factor of 7252 and 592?
148
Calculate the greatest common factor of 76 and 361.
19
What is the highest common factor of 637 and 104?
13
What is the highest common factor of 33 and 957?
33
What is the greatest common factor of